.
16
Let g = -25 + 11. Let b(q) be the third derivative of q**6/120 + q**5/4 + 7*q**4/12 - q**3 - 5*q**2 + 20*q - 78. Calculate b(g).
-6
Let q(y) = -y + 63. Let i(w) = -21*w + 515. Let r(j) = i(j) - 8*q(j). What is r(-3)?
50
Let n(r) be the first derivative of 7*r**2 - 123317. Let l be 1*-1*1*-1. What is n(l)?
14
Let a(v) be the third derivative of -v**6/120 + v**5/10 - 5*v**4/24 + 3*v**3/2 - 1125*v**2. What is a(5)?
9
Let k(j) = 1011472*j**3 - 3*j - 4*j**2 - 1011366*j**3 + 3*j**2 - 2. Determine k(-1).
-106
Let y = 21133 + -21154. Let k(p) = 6*p**2 + 128*p + 36. Give k(y).
-6
Let b(v) = -7*v**3 + 47*v**2 - 5*v + 10. Let x(o) = 3*o**3 - 21*o**2 + 3*o - 5. Let i(d) = -4*b(d) - 9*x(d). Give i(2).
3
Let w(z) = z + 3. Suppose -91*i + 85*i + 18 = 0. Suppose 3*r - 2*h - 6 = -r, -i*h - 9 = -5*r. Give w(r).
3
Let k(u) = -u**3 + u**2 - 2. Let m be 2 - 0 - (-9 + 9). Suppose 0 = -4*y - 3*z - 24, -z + 5*z + 22 = -m*y. Calculate k(y).
34
Let j(t) = -16*t - 3. Suppose -10*h + 13*h = 6. Suppose -7*n + 8*n = -h. Let v(y) = -16*y - 4. Let z(g) = n*v(g) + 3*j(g). Give z(1).
-17
Let o(q) be the first derivative of q**3/3 - 4*q**2 + 1. Let j be ((-2)/(-4)*1)/(41241/(-826) - -50). What is o(j)?
-7
Let u(b) = 6*b. Let q(c) = -7*c - 44 - 52 + 95. Let l(z) = 5*q(z) + 6*u(z). Let x(d) = 2*d - 3. Let g be x(3). What is l(g)?
-2
Let l = -2737/2 + 1369. Let m(i) be the first derivative of -l*i**2 + 2*i - 8. Determine m(5).
-3
Let f(u) = -38*u + 770. Let v be f(20). Let w(p) = 6*p - 24. Give w(v).
36
Let x(h) = h**3 - 3*h**2 + h - 17. Let t(d) = -2*d**3 - 6*d**2 - 14*d - 16. Let o be t(-2). Let y be x(o). Let a(l) = 0*l + 3 + 2*l**2 - 4*l - 4. Give a(y).
5
Let d(n) = 0 + 7 - 6274*n + 6318*n + 5. Let j(z) = -4*z - 1. Let i be (1 - 2)/((-3)/(-9)). Let q(g) = i*d(g) - 32*j(g). What is q(-3)?
8
Let n(u) = 5*u**3 - 16*u**2 - 20*u - 26. Let x(y) = 14*y**3 - 47*y**2 - 63*y - 63. Let i(g) = -11*n(g) + 4*x(g). Give i(14).
-22
Let b(w) be the second derivative of -6*w - 1 - 5*w**2 + 1/6*w**3. Determine b(0).
-10
Let w(x) be the second derivative of 2/3*x**4 + 1/20*x**5 - 4 - 30*x - 8*x**2 + x**3. What is w(-7)?
-9
Let c(r) = r**3 - 21*r**2 + 16*r + 85. Suppose -30*x + 367 + 224 = -9. What is c(x)?
5
Let g = -9 + 13. Suppose 3*i = -2*u + 11, -u + g*i - 10 - 12 = 0. Let y(v) be the first derivative of v**3/3 - 115. What is y(u)?
4
Let g(i) = -i - 15. Let x(y) = y + 23. Let f(n) = -3*g(n) - 4*x(n). What is f(0)?
-47
Let a be (-261)/(-63) - -2*(-2)/28. Suppose -9*j + 65 = a*j. Let z(q) = 2*q**2 - 6 - 6*q**2 + q**3 + 6*q - 9*q. Give z(j).
4
Let s(t) = -13*t**2 + 11*t - 14. Let q(o) = -4*o**2 + o - 1. Let z(w) = -13*w - 192. Let a be z(-15). Let n(d) = a*q(d) - s(d). Give n(10).
31
Let u(y) = -y**3 + 8*y**2 - 2*y + 9. Let d(c) = c**2 - 15*c + 31. Let f be d(13). Suppose 3*b - 28 = h, -4*b + 33 - f = h. Calculate u(b).
-7
Let u be 0 + ((-14)/(-8))/7*12. Let f(p) be the first derivative of 1/3*p**3 - p**2 - 19 - p. Calculate f(u).
2
Let v(f) = -7 + 11*f + f - f - 4*f - 8*f. Suppose 5*i + 0 = -130. Let a = i - -17. Determine v(a).
2
Let l(u) = 11*u**3 + 12*u**2 - u - 3. Let c(b) = -5*b**3 - 6*b**2 + 2. Let j(p) = -13*c(p) - 6*l(p). Determine j(7).
-15
Let s(f) = 5*f + 6. Suppose 0 = -n - 23*d + 22*d - 4, 4*d = 2*n + 8. What is s(n)?
-14
Let k be (-58)/377 - (-56)/26. Let d(u) = 2*u**3 - 231*u - 8*u**2 - 3 - 3*u**3 - k + 229*u. Calculate d(-7).
-40
Let u = 55 - 55. Suppose x = u, 2*x + 2 = -2*v + 4. Let m(z) = -20*z + 11. Let a(c) = 10*c - 5. Let p(g) = -13*a(g) - 6*m(g). Calculate p(v).
-11
Let d(h) be the second derivative of -h**5/20 - h**4/2 + 5*h**3/6 + 5*h**2 + 2825*h. Suppose -3*q + 38 = -5*p, 3*q - 16 = p - 6. Determine d(p).
24
Let k = -44 + -281. Let v = 322 + k. Let f(o) = o**2 - 2*o - 6. Calculate f(v).
9
Let q(w) be the first derivative of -w**5/10 - w**4/4 - w**3/6 + 2*w**2 + 69*w + 10. Let z(d) be the first derivative of q(d). What is z(-2)?
10
Let k(f) = -f**2 - 38*f + 69. Let b be k(-39). Suppose 142*h - 127*h = b. Let a(v) = -v**3 + 3*v**2 - 4. Calculate a(h).
0
Let w(s) = 1 - 41*s**2 - 27*s**2 + 67*s**2 + 14 + 17*s + 2. Calculate w(18).
-1
Let d(r) be the third derivative of r**6/120 - r**5/12 + r**4/12 - r**3 + 1036*r**2. Give d(6).
42
Let q(f) = -3*f**2 + 78*f + 2. Let g be q(26). Let b(l) = g*l**2 + 1 + 2 - 2*l**2 + 3*l**2 + 3*l. What is b(-2)?
9
Let j(x) = -x**3 + 0 + 3 - 4 + 4*x + 3*x**2. Let l = 1651 + -826. Suppose -841 = -4*c - l. Give j(c).
-1
Let o(x) = -x**2 - 27*x - 95. Let z be o(-5). Let w(b) = -16*b - 9 + z - 10 - 8 - b**2. Give w(-15).
3
Let q(u) = -9*u**3 - u + 2. Let n = 3039 + -3038. What is q(n)?
-8
Let y(j) = -j**3 + 5*j**2 - j - 2. Let u(a) = 2*a**3 - 6*a**2 + 1. Suppose 58 = 9*f + 76. Let g(s) = f*u(s) - 3*y(s). What is g(-3)?
-5
Let w(a) be the second derivative of -a**4/12 + 4*a**3 - 5*a**2/2 + 5085*a. Calculate w(22).
39
Suppose -4*o - 11 = -y, 0*o = -2*o + 4*y - 2. Let w(m) = 4 + 141*m - 68*m + 6 - 74*m - 7. Determine w(o).
6
Let y(q) be the second derivative of 1/3*q**3 + 0*q**5 + 8*q - 1/12*q**4 + 0 + 1/120*q**6 + 1/2*q**2. Let z(h) be the first derivative of y(h). Determine z(2).
6
Let y(a) = 7*a**2 + a. Let i be (-27)/(-4) - (-3 + (-11)/(-4)). Suppose -i*q + 2*q - 5 = 0. Let v be ((-7)/(-21))/(q/3). Give y(v).
6
Let i(r) = -r**3 + 5*r**2 - 2*r + 1. Let s(t) = t**2 - 4*t + 7. Let w be (-25)/(-7) + -5*(-36)/(-315). Let c be s(w). Determine i(c).
9
Let j(g) be the third derivative of -g**5/30 - g**4 - 22*g**3/3 + 626*g**2. What is j(-10)?
-4
Let g(k) = -18*k - 3. Let r(x) = -8*x - 2. Let j(d) = -2*g(d) + 6*r(d). What is j(-6)?
66
Let g(s) be the second derivative of s**4/24 + s**3/3 + 60*s**2 + 85*s - 2. Let n(m) be the first derivative of g(m). Let f be 2/5 + (-37)/5. Determine n(f).
-5
Let v(i) = -4*i**3 + 44*i**2 - 27*i - 177. Let o(c) = -c**3 + 14*c**2 - 10*c - 59. Let m(j) = -7*o(j) + 2*v(j). Determine m(-11).
4
Let p = 450 + -447. Let f(m) = 4*m - 3. Let d(g) = -2 - 6 + 5 + 5*g. Let b(l) = 5*d(l) - 6*f(l). Determine b(p).
6
Let n(x) = x**3 - x**2 + x + 21. Suppose -3*k + k = 18. Let j(y) = -y - 9. Let r be j(k). What is n(r)?
21
Let p be (0 + -2)*(-28)/8. Let j be 792/126 + (-2)/7. Let i be j + 1 + (3 - p). Let f(u) = -3*u + 4. Calculate f(i).
-5
Let q(b) be the second derivative of 2 - 1/3*b**3 + 7*b + 4*b**2. Give q(12).
-16
Suppose r = 6*r - 5. Let g be (-34)/(r + -6 + 3). Let k(s) = 0*s**2 - 10*s**2 + 3 - 8*s - 18*s**3 + g*s**3. Give k(-9).
-6
Let s(k) = 23*k + 200. Let q be (-1 - -2)*(340 - 349). What is s(q)?
-7
Suppose -5*c = 4*x - 122, 36*x = c + 39*x - 42. Let s(j) = 16*j - 280. Calculate s(c).
8
Let w(u) be the third derivative of u**4/12 + 5*u**3/6 - 5*u**2. Let z(q) = 8*q**3 + q**2 - 56*q - 57. Let k be z(-1). Determine w(k).
-11
Let q(u) = -10258960 + 10258960 - 15*u - u**2. Calculate q(-14).
14
Let i = -229 - -234. Let k(n) = i*n + 52 + 46 - 97 + n. Give k(-3).
-17
Let x = -813 - -824. Suppose 0 = -3*r + 8*t - x*t - 12, -5 = -t. Let m(d) = -d**3 - 8*d**2 + 9*d - 7. Calculate m(r).
-7
Let p(x) be the first derivative of -x**3/3 - x**2 + 3*x - 2798. Calculate p(-2).
3
Let a(x) be the second derivative of x**4/12 - 8*x**3/3 - 13*x**2 - x - 1031. Determine a(20).
54
Let i(k) = -k - 4. Suppose 4*o + 33 = 3*d + 3*o, -d + 11 = 5*o. Suppose -m - 8 = -15. Let h be 6/(m - d - (-1 + -4)). What is i(h)?
-10
Let w(f) = -f**2 - 55*f - 262. Let c be w(-50). Let o(x) = -8*x - 91. Give o(c).
5
Let v(b) = 4*b**2 - 3*b**2 + 6*b - 2417 + 2418. Let y(r) = r**3 - 3*r**2 + 2*r. Let l be y(3). Let a = 1 - l. What is v(a)?
-4
Let z = -182 + 202. Suppose 0 = 5*i - 2*i - 4*a + 8, 4*i + 4*a = -z. Let m(x) = x + 7. Determine m(i).
3
Suppose 5*z + 49 = 4*a, -1 = 5*a + 2*z - 21. Suppose -a*t - 1 + 7 = 0. Let v = t + 5. Let g(d) = 3*d - 9. Calculate g(v).
9
Suppose 0 = -2*l - 4*q - 19 - 17, 2*l - 3*q = -43. Let b(x) = x**3 + 19*x**2 - 19*x + 14. Calculate b(l).
-6
Let f(q) = q**3 + 5*q**2 + q + 12. Let w(m) = -7*m - 4. Let y be w(-1). Suppose y*l - 27 = 5*h + 2*l, -10 = 4*h + 5*l. Calculate f(h).
7
Let p be 0/((-3)/((-6)/2)). Suppose 5 = 5*y + 2*t + 1, p = -2*y + 5*t + 19. Suppose 0 = u + 2*q, 3*q + 2*q = -3*u + y. Let f(k) = k + 3. Calculate f(u).
7
Suppose -z + 2*a = 0, 2*z + 10 = 4*z + a. Let h be 2/(((-6)/16)/(-3)). Let x(m) = h + 12*m - z - 11. Cal